{"id":986,"date":"2026-04-04T20:43:19","date_gmt":"2026-04-04T18:43:19","guid":{"rendered":"https:\/\/gdsa25.piegelin.eu\/?page_id=986"},"modified":"2026-04-04T20:44:54","modified_gmt":"2026-04-04T18:44:54","slug":"le-programme-sanitaire-delevage-le-pse-du-gdsa25","status":"publish","type":"page","link":"https:\/\/gdsa25.piegelin.eu\/index.php\/le-programme-sanitaire-delevage-le-pse-du-gdsa25\/","title":{"rendered":"Le Programme Sanitaire d&rsquo;\u00c9levage, le PSE du GDSA25"},"content":{"rendered":"\t\t<div data-elementor-type=\"wp-page\" data-elementor-id=\"986\" class=\"elementor elementor-986\">\n\t\t\t\t<div class=\"elementor-element elementor-element-f4e00ae e-grid e-con-boxed e-con e-parent\" data-id=\"f4e00ae\" data-element_type=\"container\" data-e-type=\"container\">\n\t\t\t\t\t<div class=\"e-con-inner\">\n\t\t\t\t\t<\/div>\n\t\t\t\t<\/div>\n\t\t<div class=\"elementor-element elementor-element-7094263 e-flex e-con-boxed e-con e-parent\" data-id=\"7094263\" data-element_type=\"container\" data-e-type=\"container\">\n\t\t\t\t\t<div class=\"e-con-inner\">\n\t\t\t\t<div class=\"elementor-element elementor-element-d2779e6 elementor-widget elementor-widget-text-editor\" data-id=\"d2779e6\" data-element_type=\"widget\" data-e-type=\"widget\" data-widget_type=\"text-editor.default\">\n\t\t\t\t\t\t\t\t\t<h3><img decoding=\"async\" class=\"alignnone size-full wp-image-907\" src=\"https:\/\/gdsa25.piegelin.eu\/wp-content\/uploads\/2025\/12\/cropped-LOGO.gif\" alt=\"\" width=\"97\" height=\"113\" srcset=\"https:\/\/gdsa25.piegelin.eu\/wp-content\/uploads\/2025\/12\/cropped-LOGO.gif 97w, https:\/\/gdsa25.piegelin.eu\/wp-content\/uploads\/2025\/12\/cropped-LOGO-57x66.gif 57w\" sizes=\"(max-width: 97px) 100vw, 97px\" \/>\u00a0 \u00a0 \u00a0 \u00a0<strong><span style=\"color: #000000;\">GDSA-25 \u2013Programme sanitaire d\u2019\u00e9levage 2026 &#8211; 2031<\/span><\/strong><\/h3><p><span style=\"color: #000000;\">Le prochain PSE s\u2019inscrit dans la continuit\u00e9 du pr\u00e9c\u00e9dent avec quelques am\u00e9liorations. Certaines actions seront poursuivies (syst\u00e8me<\/span><br \/><span style=\"color: #000000;\">d\u2019alertes, partenariats\u2026). Le GDSA25 accompagn\u00e9 du v\u00e9t\u00e9rinaire conseil, Mathieu BOUCON s\u2019engagent \u00e0 renforcer<\/span><br \/><span style=\"color: #000000;\">certaines missions. Voici notre plan d\u2019actions pour les 5 prochaines ann\u00e9es :<\/span><br \/><span style=\"color: #000000;\">Cette nouvelle organisation permettra notamment d\u2019am\u00e9liorer l\u2019encadrement des TSA.<\/span><br \/><span style=\"color: #000000;\">Une convention tri-partie de suivi du PSE et pour la gestion de la pharmacie a \u00e9t\u00e9 sign\u00e9e ou est en cours de signature, en avril 2026. Du c\u00f4t\u00e9 v\u00e9t\u00e9rinaire : FAIRE UNE VISITE PAR AN AVEC CHAQUE TSA<\/span><br \/><span style=\"color: #000000;\">Objectif 15 visites 45 heures<\/span><br \/><span style=\"color: #000000;\">SUPERVISER LE PROGRAMME ANNUEL DES VISITES SANITAIRES<\/span><br \/><span style=\"color: #000000;\">Organisation \/ R\u00e9union annuelle \/ Suivi 7 heures<\/span><br \/><span style=\"color: #000000;\">Gestion des ordonnances \/ d\u00e9livrance du m\u00e9dicament<\/span><\/p><p><span style=\"color: #000000;\">GDSA25 \u2013Programme sanitaire d\u2019\u00e9levage 2026 &#8211; 2031 (voir conventions)<\/span><br \/><span style=\"color: #000000;\">Le GDSA25 continuera \u00e0 \u00eatre moteur dans la formation de nouveaux TSA.<\/span><br \/><span style=\"color: #000000;\">Augmenter le nombre de visites<\/span><br \/><span style=\"color: #000000;\">Le GDSA25 compte environ 350 adh\u00e9rents. Le PSE nous (les 15 TSA du Doubs) engage donc \u00e0 r\u00e9aliser chaque ann\u00e9e 6 \u00e0 8 visites.Ce qui donne un total de 30 \u00e0 40 visites par TSA. On portera notre attention \u00e0 privil\u00e9gier la visite de jeunes apiculteurs la premi\u00e8re ann\u00e9e.<\/span><br \/><span style=\"color: #000000;\">La mise en place du logiciel de la FNOSAD va permettre un archivage d\u00e9mat\u00e9rialis\u00e9 des comptes rendus de<\/span><br \/><span style=\"color: #000000;\">visites, pour en faciliter leur suivi.\u00a0<\/span><br \/><span style=\"color: #000000;\">Am\u00e9liorer le suivi des visites<\/span><br \/><span style=\"color: #000000;\">Les nouveaux TSA seront form\u00e9s \u00e0 utiliser le logiciel de la FNOSAD ce qui va progressivement permettre<\/span><br \/><span style=\"color: #000000;\">une gestion optimis\u00e9e du suivi des visites r\u00e9alis\u00e9es par les TSA ou le v\u00e9t\u00e9rinaire. Ainsi les comptes rendus<\/span><br \/><span style=\"color: #000000;\">seront centralis\u00e9s sur un m\u00eame logiciel.<\/span><br \/><span style=\"color: #000000;\">Les comptes rendus seront relus et avis\u00e9s de correction s\u2019ils le n\u00e9cessitent par le v\u00e9t\u00e9rinaire conseil puis<\/span><br \/><span style=\"color: #000000;\">contresign\u00e9s par ce dernier.<\/span><\/p>\t\t\t\t\t\t\t\t<\/div>\n\t\t\t\t\t<\/div>\n\t\t\t\t<\/div>\n\t\t\t\t<\/div>\n\t\t","protected":false},"excerpt":{"rendered":"<p>\u00a0 \u00a0 \u00a0 \u00a0GDSA-25 \u2013Programme sanitaire d\u2019\u00e9levage 2026 &#8211; 2031 Le prochain PSE s\u2019inscrit dans la continuit\u00e9 du pr\u00e9c\u00e9dent avec [&hellip;]<\/p>\n","protected":false},"author":1,"featured_media":0,"parent":0,"menu_order":0,"comment_status":"closed","ping_status":"closed","template":"","meta":{"site-sidebar-layout":"no-sidebar","site-content-layout":"","ast-site-content-layout":"full-width-container","site-content-style":"default","site-sidebar-style":"default","ast-global-header-display":"","ast-banner-title-visibility":"","ast-main-header-display":"","ast-hfb-above-header-display":"","ast-hfb-below-header-display":"","ast-hfb-mobile-header-display":"","site-post-title":"","ast-breadcrumbs-content":"","ast-featured-img":"disabled","footer-sml-layout":"","ast-disable-related-posts":"","theme-transparent-header-meta":"","adv-header-id-meta":"","stick-header-meta":"","header-above-stick-meta":"","header-main-stick-meta":"","header-below-stick-meta":"","astra-migrate-meta-layouts":"default","ast-page-background-enabled":"default","ast-page-background-meta":{"desktop":{"background-color":"var(--ast-global-color-5)","background-image":"","background-repeat":"repeat","background-position":"center center","background-size":"auto","background-attachment":"scroll","background-type":"","background-media":"","overlay-type":"","overlay-color":"","overlay-opacity":"","overlay-gradient":""},"tablet":{"background-color":"","background-image":"","background-repeat":"repeat","background-position":"center center","background-size":"auto","background-attachment":"scroll","background-type":"","background-media":"","overlay-type":"","overlay-color":"","overlay-opacity":"","overlay-gradient":""},"mobile":{"background-color":"","background-image":"","background-repeat":"repeat","background-position":"center center","background-size":"auto","background-attachment":"scroll","background-type":"","background-media":"","overlay-type":"","overlay-color":"","overlay-opacity":"","overlay-gradient":""}},"ast-content-background-meta":{"desktop":{"background-color":"var(--ast-global-color-4)","background-image":"","background-repeat":"repeat","background-position":"center center","background-size":"auto","background-attachment":"scroll","background-type":"","background-media":"","overlay-type":"","overlay-color":"","overlay-opacity":"","overlay-gradient":""},"tablet":{"background-color":"var(--ast-global-color-4)","background-image":"","background-repeat":"repeat","background-position":"center center","background-size":"auto","background-attachment":"scroll","background-type":"","background-media":"","overlay-type":"","overlay-color":"","overlay-opacity":"","overlay-gradient":""},"mobile":{"background-color":"var(--ast-global-color-4)","background-image":"","background-repeat":"repeat","background-position":"center center","background-size":"auto","background-attachment":"scroll","background-type":"","background-media":"","overlay-type":"","overlay-color":"","overlay-opacity":"","overlay-gradient":""}},"two_page_speed":[],"footnotes":""},"class_list":["post-986","page","type-page","status-publish","hentry"],"_links":{"self":[{"href":"https:\/\/gdsa25.piegelin.eu\/index.php\/wp-json\/wp\/v2\/pages\/986","targetHints":{"allow":["GET"]}}],"collection":[{"href":"https:\/\/gdsa25.piegelin.eu\/index.php\/wp-json\/wp\/v2\/pages"}],"about":[{"href":"https:\/\/gdsa25.piegelin.eu\/index.php\/wp-json\/wp\/v2\/types\/page"}],"author":[{"embeddable":true,"href":"https:\/\/gdsa25.piegelin.eu\/index.php\/wp-json\/wp\/v2\/users\/1"}],"replies":[{"embeddable":true,"href":"https:\/\/gdsa25.piegelin.eu\/index.php\/wp-json\/wp\/v2\/comments?post=986"}],"version-history":[{"count":5,"href":"https:\/\/gdsa25.piegelin.eu\/index.php\/wp-json\/wp\/v2\/pages\/986\/revisions"}],"predecessor-version":[{"id":1002,"href":"https:\/\/gdsa25.piegelin.eu\/index.php\/wp-json\/wp\/v2\/pages\/986\/revisions\/1002"}],"wp:attachment":[{"href":"https:\/\/gdsa25.piegelin.eu\/index.php\/wp-json\/wp\/v2\/media?parent=986"}],"curies":[{"name":"wp","href":"https:\/\/api.w.org\/{rel}","templated":true}]}}